f 57575?
5, 7, 47
What are the prime factors of 1852?
2, 463
List the prime factors of 133943.
17, 7879
What are the prime factors of 65573?
23, 2851
List the prime factors of 17509.
17509
What are the prime factors of 56?
2, 7
List the prime factors of 3324.
2, 3, 277
What are the prime factors of 9207?
3, 11, 31
What are the prime factors of 4698?
2, 3, 29
What are the prime factors of 4663?
4663
What are the prime factors of 892?
2, 223
What are the prime factors of 40277?
40277
List the prime factors of 51960.
2, 3, 5, 433
What are the prime factors of 994?
2, 7, 71
List the prime factors of 6284.
2, 1571
List the prime factors of 93976.
2, 17, 691
List the prime factors of 55328.
2, 7, 13, 19
List the prime factors of 57942.
2, 3, 29, 37
What are the prime factors of 10751?
13, 827
List the prime factors of 2109.
3, 19, 37
List the prime factors of 1176.
2, 3, 7
List the prime factors of 96168.
2, 3, 4007
What are the prime factors of 5977?
43, 139
List the prime factors of 1225.
5, 7
List the prime factors of 3454.
2, 11, 157
What are the prime factors of 203296?
2, 6353
What are the prime factors of 212?
2, 53
What are the prime factors of 8325?
3, 5, 37
List the prime factors of 5080.
2, 5, 127
What are the prime factors of 24276?
2, 3, 7, 17
List the prime factors of 765.
3, 5, 17
List the prime factors of 6586.
2, 37, 89
List the prime factors of 900.
2, 3, 5
List the prime factors of 841.
29
What are the prime factors of 825?
3, 5, 11
List the prime factors of 22693.
11, 2063
List the prime factors of 1016.
2, 127
List the prime factors of 16619.
16619
What are the prime factors of 2988?
2, 3, 83
List the prime factors of 934.
2, 467
List the prime factors of 10671.
3, 3557
What are the prime factors of 153?
3, 17
List the prime factors of 142531.
23, 6197
What are the prime factors of 71858?
2, 19, 31, 61
What are the prime factors of 8130?
2, 3, 5, 271
List the prime factors of 6018.
2, 3, 17, 59
What are the prime factors of 1392?
2, 3, 29
List the prime factors of 20543.
20543
List the prime factors of 5430.
2, 3, 5, 181
What are the prime factors of 136804?
2, 23, 1487
What are the prime factors of 8993?
17, 23
What are the prime factors of 23159?
23159
List the prime factors of 3476.
2, 11, 79
What are the prime factors of 22409?
22409
What are the prime factors of 56436?
2, 3, 4703
List the prime factors of 627.
3, 11, 19
What are the prime factors of 2737?
7, 17, 23
What are the prime factors of 626?
2, 313
List the prime factors of 5572.
2, 7, 199
What are the prime factors of 420?
2, 3, 5, 7
What are the prime factors of 15157?
23, 659
List the prime factors of 2228.
2, 557
What are the prime factors of 774?
2, 3, 43
List the prime factors of 100269.
3, 13, 857
What are the prime factors of 47092?
2, 61, 193
List the prime factors of 5394.
2, 3, 29, 31
What are the prime factors of 114050?
2, 5, 2281
What are the prime factors of 230?
2, 5, 23
What are the prime factors of 8130?
2, 3, 5, 271
List the prime factors of 4832.
2, 151
List the prime factors of 1996.
2, 499
What are the prime factors of 1368?
2, 3, 19
What are the prime factors of 3990?
2, 3, 5, 7, 19
What are the prime factors of 4378?
2, 11, 199
List the prime factors of 11174.
2, 37, 151
What are the prime factors of 1105?
5, 13, 17
List the prime factors of 43583.
41, 1063
What are the prime factors of 1011?
3, 337
What are the prime factors of 2547?
3, 283
What are the prime factors of 786?
2, 3, 131
What are the prime factors of 41?
41
List the prime factors of 861.
3, 7, 41
List the prime factors of 6.
2, 3
List the prime factors of 3981.
3, 1327
List the prime factors of 47866.
2, 7, 13, 263
List the prime factors of 3391.
3391
What are the prime factors of 41319?
3, 4591
List the prime factors of 264.
2, 3, 11
What are the prime factors of 17094?
2, 3, 7, 11, 37
List the prime factors of 20959.
20959
What are the prime factors of 14217?
3, 7, 677
What are the prime factors of 62620?
2, 5, 31, 101
List the prime factors of 1831.
1831
List the prime factors of 38615.
5, 7723
List the prime factors of 47477.
197, 241
What are the prime factors of 30136?
2, 3767
List the prime factors of 65393.
65393
List the prime factors of 33135.
3, 5, 47
List the prime factors of 2157.
3, 719
What are the prime factors of 1393?
7, 199
What are the prime factors of 1037?
17, 61
What are the prime factors of 1026?
2, 3, 19
List the prime factors of 996.
2, 3, 83
List the prime factors of 24322.
2, 12161
List the prime factors of 2086.
2, 7, 149
List the prime factors of 7270.
2, 5, 727
List the prime factors of 1753.
1753
What are the prime factors of 1223?
1223
What are the prime factors of 9452?
2, 17, 139
List the prime factors of 13904.
2, 11, 79
What are the prime factors of 7648?
2, 239
List the prime factors of 187.
11, 17
List the prime factors of 175.
5, 7
What are the prime factors of 16808?
2, 11, 191
List the prime factors of 1488.
2, 3, 31
What are the prime factors of 6651?
3, 739
What are the prime factors of 966?
2, 3, 7, 23
List the prime factors of 29622.
2, 3, 4937
List the prime factors of 66886.
2, 53, 631
What are the prime factors of 2012?
2, 503
What are the prime factors of 34782?
2, 3, 11, 17, 31
What are the prime factors of 2813?
29, 97
What are the prime factors of 1493?
1493
List the prime factors of 814.
2, 11, 37
What are the prime factors of 51855?
3, 5, 3457
What are the prime factors of 71096?
2, 8887
List the prime factors of 127.
127
List the prime factors of 1233.
3, 137
What are the prime factors of 18910?
2, 5, 31, 61
What are the prime factors of 8817?
3, 2939
List the prime factors of 2560.
2, 5
What are the prime factors of 8354?
2, 4177
What are the prime factors of 4331?
61, 71
What are the prime factors of 18000?
2, 3, 5
What are the prime factors of 4956?
2, 3, 7, 59
List the prime factors of 53454.
2, 3, 59, 151
List the prime factors of 32171.
53, 607
List the prime factors of 16204.
2, 4051
What are the prime factors of 5811?
3, 13, 149
List the prime factors of 1779.
3, 593
What are the prime factors of 26495?
5, 7, 757
List the prime factors of 118280.
2, 5, 2957
List the prime factors of 9408.
2, 3, 7
What are the prime factors of 38201?
38201
What are the prime factors of 829?
829
List the prime factors of 3659.
3659
List the prime factors of 2567.
17, 151
What are the prime factors of 378?
2, 3, 7
What are the prime factors of 14560?
2, 5, 7, 13
List the prime factors of 1825.
5, 73
List the prime factors of 286.
2, 11, 13
List the prime factors of 34.
2, 17
What are the prime factors of 2379?
3, 13, 61
List the prime factors of 1006.
2, 503
What are the prime factors of 393?
3, 131
List the prime factors of 5432.
2, 7, 97
What are the prime factors of 2331?
3, 7, 37
List the prime factors of 2119.
13, 163
List the prime factors of 1457.
31, 47
List the prime factors of 3377.
11, 307
List the prime factors of 144472.
2, 18059
List the prime factors of 766.
2, 383
What are the prime factors of 12069?
3, 149
List the prime factors of 43879.
11, 3989
What are the prime factors of 60959?
47, 1297
What are the prime factors of 1262?
2, 631
List the prime factors of 4598.
2, 11, 19
What are the prime factors of 665?
5, 7, 19
What are the prime factors of 840?
2, 3, 5, 7
List the prime factors of 1694.
2, 7, 11
What are the prime factors of 10498?
2, 29, 181
List the prime factors of 48913.
41, 1193
List the prime factors of 720.
2, 3, 5
List the prime factors of 1151.
1151
List the prime factors of 7107.
3, 23, 103
List the prime factors of 1981.
7, 283
What are the prime factors of 119141?
11, 10831
List the prime factors of 41958.
2, 3, 7, 37
List the prime factors of 2504.
2, 313
List the prime factors of 47487.
3, 11, 1439
List the prime factors of 1883.
7, 269
List the prime factors of 2909.
2909
What are the prime factors of 3738?
2, 3, 7, 89
List the prime factors of 20446.
2, 10223
What are the prime factors of 1160?
2, 5, 29
What are the prime factors of 705?
3, 5, 47
List the prime factors of 4472.
2, 13, 43
List the prime factors of 13784.
2, 1723
List the prime factors of 1899.
3, 211
List the prime factors of 147618.
2, 3, 59, 139
What are the prime factors of 7362?
2, 3, 409
List the prime factors of 1262